 1578. Determine a(176).
6
Let a(o) = -o**3 + 306*o**2 - 23035*o + 3483. Give a(133).
25
Let m(g) = -66*g**3 - 8515*g**2 - 98*g - 315. What is m(-129)?
-4314
Let l(i) = -i**2 + 200*i - 2320. Give l(12).
-64
Let l(x) = 10732*x + 5731. What is l(-1)?
-5001
Let s(p) = 645*p - 21066. Give s(33).
219
Let h(f) = 2*f**3 + 132*f**2 - 312*f - 3667. Give h(-68).
-947
Let u(t) = -1912*t - 37220. Calculate u(-21).
2932
Let r(s) = -124*s + 1074. Determine r(-18).
3306
Let j(y) = 9*y**3 - 9006*y**2 - 3012*y + 8960. Determine j(1001).
-49
Let h(x) = -x**2 - 29867*x + 59738. Calculate h(2).
0
Let y(p) = 5*p**3 - 1370*p**2 + 10661*p - 60. Calculate y(8).
108
Let b(x) = -11*x**2 + 416*x - 417. What is b(37)?
-84
Let i(c) = -16262*c - 162735. Give i(-10).
-115
Let h(c) = 2*c**3 + 6*c**2 + 8063*c + 48426. Determine h(-6).
-168
Let c(t) = 8*t**3 + 3*t**2 - 2954*t + 14745. Determine c(5).
1050
Let b(r) = -r**3 - 313*r**2 + 7*r + 1935. Give b(-313).
-256
Let z(h) = -2*h**2 + 20683*h + 144805. Give z(-7).
-74
Let s(l) = l**2 - 27*l + 135. Determine s(3).
63
Let l(w) = -w**2 - 415*w + 83322. Calculate l(148).
-2
Let i(v) = -53742*v + 752413. Give i(14).
25
Let k(i) = 2*i**2 - 7*i - 331. Give k(18).
191
Let c(u) = -2668*u**2 + 58705*u + 63. Determine c(22).
261
Let v(h) = -794*h**2 + 1633*h - 13. Give v(3).
-2260
Let g(b) = -263*b - 11830. Determine g(-45).
5
Let c(z) = -33685*z - 741233. What is c(-22)?
-163
Let w(p) = 4*p**3 - 2210*p**2 - 22455*p + 456. Calculate w(-10).
6
Let o(u) = 4*u**3 - 268*u**2 + 233*u + 7. What is o(66)?
-2039
Let f(y) = -y**3 + 77*y**2 + 309*y + 1214. Calculate f(81).
-1
Let o(q) = -q**2 - 54*q + 566. Determine o(13).
-305
Let d(n) = 78*n**2 - 746*n - 98. Determine d(12).
2182
Let u(f) = 3*f**2 + 115*f - 994. Give u(9).
284
Let m(d) = d**3 - 6*d**2 - 1468*d - 1467. Calculate m(-1).
-6
Let t(g) = -4228*g - 223870. Calculate t(-53).
214
Let g(b) = b**2 + 62428*b + 40339068. What is g(-653)?
-7
Let x(k) = k**2 + 211*k - 8570. Give x(-246).
40
Let x(b) = 5*b**2 + 176*b + 54. Calculate x(-36).
198
Let i(o) = 414*o - 59479. Determine i(143).
-277
Let w(p) = -p**3 + 37*p**2 + 868*p + 1577. Give w(-2).
-3
Let h(k) = -8*k**2 + 1625*k + 6431. Determine h(207).
14
Let q(w) = -7*w**2 + 1062*w - 6249. Determine q(6).
-129
Let i(w) = -66*w + 1381. Give i(27).
-401
Let g(j) = j**3 + 23*j**2 + 88*j - 35. Determine g(-13).
511
Let k(g) = 404*g**2 + 19793*g - 146. Determine k(-49).
1
Let d(f) = 41*f**2 + 4152*f + 1134. Give d(-101).
23
Let g(y) = 18935*y + 76478. What is g(-4)?
738
Let v(l) = 1158*l - 233869. Give v(202).
47
Let n(r) = -61*r**2 - 2621*r - 199. Calculate n(-43).
-285
Let h(m) = 1500*m**2 + 90*m - 10. Determine h(0).
-10
Let g(t) = 23*t**2 + 1716*t - 643. What is g(-75)?
32
Let y(q) = -2654*q + 395444. Give y(149).
-2
Let w(u) = -u**2 - 95*u + 7738. Give w(52).
94
Let j(i) = -4066*i + 796942. Give j(196).
6
Let j(f) = 4717*f - 1867937. Calculate j(396).
-5
Let q(t) = -t**2 + 14336*t - 143299. Determine q(10).
-39
Let u(s) = 557*s + 89090. Calculate u(-160).
-30
Let x(d) = 4144*d - 45448. Calculate x(11).
136
Let j(d) = 8*d**3 + 152*d**2 + 389*d + 1996. What is j(-17)?
7
Let m(n) = n**3 - 294*n**2 + 1393*n + 253. Give m(5).
-7
Let t(m) = m**3 + 128*m**2 + 69*m - 22461. What is t(-126)?
597
Let g(a) = -11916*a + 119559. Calculate g(10).
399
Let s(x) = 268*x**3 - 2946*x**2 - 42*x + 220. Determine s(11).
0
Let r(v) = -v**3 + 64*v**2 - 954*v + 4477. Determine r(45).
22
Let o(b) = 3*b**3 + b**2 + 39*b - 38. Determine o(1).
5
Let w(l) = 226*l**2 - 215*l - 1481. Give w(-5).
5244
Let i(c) = 55*c**2 - 15666*c - 34157. Calculate i(287).
-4
Let h(i) = 2*i**2 - 19825*i + 198284. Calculate h(10).
234
Let q(o) = o**3 - 61*o**2 + 6488*o - 375835. Calculate q(59).
-5
Let n(a) = 449*a + 1983. Calculate n(-7).
-1160
Let v(u) = 5957*u - 89159. Calculate v(15).
196
Let a(g) = -17*g**2 - 88*g - 12. Calculate a(-5).
3
Let s(f) = -55*f**2 + 1590*f + 85. Calculate s(29).
-60
Let r(k) = -k**2 + 42*k + 23596. Give r(-134).
12
Let i(u) = -447*u - 47594. Calculate i(-108).
682
Let m(s) = -s**2 + 613*s - 58811. Determine m(123).
1459
Let o(t) = 3*t**2 + 29065*t + 319335. Determine o(-11).
-17
Let k(q) = -2*q**2 - 915*q - 103123. Give k(-201).
-10
Let d(o) = 68*o + 94. What is d(25)?
1794
Let q(j) = 103*j - 16576. Calculate q(159).
-199
Let p(l) = -10*l**2 - 2304*l - 43965. Give p(-21).
9
Let x(t) = -3*t**3 - 374*t**2 - 974*t + 259. Give x(-122).
15
Let v(a) = -a**3 - 129*a**2 - 869*a - 1828. Determine v(-122).
2
Let q(f) = -2*f**3 - 231*f**2 - 566*f - 21. Give q(-113).
92
Let y(x) = x**3 + 336*x**2 + 6319*x + 838. Determine y(-316).
1154
Let v(r) = r**3 - 362*r**2 + 734*r - 265658. Give v(362).
50
Let a(t) = t**3 + 18*t**2 - 337*t + 133. What is a(-30)?
-557
Let q(a) = -226598*a - 43733410. What is q(-193)?
4
Let w(o) = 20696*o - 41259. Calculate w(2).
133
Let m(k) = -68098*k - 340487. Calculate m(-5).
3
Let l(a) = 1315*a**2 + 15*a + 2. Calculate l(-1).
1302
Let s(a) = 6117*a - 97862. What is s(16)?
10
Let a(d) = -64*d**2 - 494*d + 172. Determine a(-7).
494
Let f(d) = -10*d**2 + 172*d + 34. Determine f(20).
-526
Let t(h) = 159*h - 32602. Determine t(205).
-7
Let z(y) = 25*y**3 + 39*y**2 - 2*y - 3. Determine z(-1).
13
Let t(q) = -51*q**3 - 14*q**2 + 5*q - 3. What is t(2)?
-457
Let i(x) = 2*x**3 + 39*x**2 - 71*x - 1577. Give i(-18).
673
Let r(o) = -o**2 - 316*o - 18035. What is r(-75)?
40
Let b(w) = w**3 + 4*w**2 - 774293*w - 2322884. Calculate b(-3).
4
Let t(j) = -j**3 - 870*j**2 - 40250*j - 17251. Give t(-821).
-10
Let t(s) = -33859*s**2 - 67767*s - 90. What is t(-2)?
8
Let t(a) = 1092*a - 52406. Give t(48).
10
Let w(v) = 20303*v + 284200. Calculate w(-14).
-42
Let x(d) = 101*d**2 + 140*d + 39. What is x(-1)?
0
Let u(p) = p**3 + 19*p**2 + 4*p - 9. What is u(-6)?
435
Let w(h) = h**3 + 199*h**2 - 205*h - 342. What is w(-200)?
658
Let n(g) = -49*g**3 - 131*g**2 + 195*g + 556. Determine n(-3).
115
Let t(s) = -1373*s - 229289. Determine t(-167).
2
Let b(w) = -30429*w + 273867. Give b(9).
6
Let d(b) = 2*b**3 + 341*b**2 + 426*b - 13742. Determine d(-169).
-53
Let j(s) = s**3 - 11*s**2 + 14*s + 185. Give j(9).
149
Let c(d) = 98*d - 4431. Give c(62).
1645
Let l(n) = 13*n**2 - 1233*n - 21253. Calculate l(110).
417
Let q(o) = 2*o**3 + 115*o**2 - 762*o. Determine q(6).
0
Let d(g) = g**3 + 5*g**2 - 6287*g + 31470. Give d(5).
285
Let x(w) = -w**3 + 112*w**2 - 1669*w - 35895. What is x(35)?
15
Let g(m) = 10161*m - 30. What is g(0)?
-30
Let g(f) = f**3 + 664*f**2 + 3291*f - 6. Give g(-5).
14
Let t(r) = 20*r**2 - 58*r + 178. Calculate t(5).
388
Let d(s) = -3766*s - 3890. What is d(-1)?
-124
Let o(x) = -3*x**2 - 576*x - 13749. Calculate o(-28).
27
Let r(k) = 6*k**2 - 185760*k - 1858198. What is r(-10)?
2
Let x(i) = 3*i**2 + 553*i - 557. What is x(1)?
-1
Let t(r) = 14*r**3 - 601*r**2 + 1110*r - 142. Determine t(41).
-19
Let x(t) = 198*t - 22712. Determine x(114).
-140
Let d(c) = 73*c**3 + 171*c**2 - 143*c - 12. Give d(-3).
-15
Let l(w) = 1768*w - 65385. Give l(37).
31
Let x(g) = -27*g**2 - 313*g + 7083. Calculate x(-23).
-1
Let h(z) = 202*z**2 + 21*z - 100. Calculate h(-3).
1655
Let x(l) = l**3 + 660*l**2 + 10318*l + 68. Give x(-16).
-156
Let k(f) = f**3 - 400*f**2 + 3825*f + 738. Calculate k(10).
-12
Let r(x) = 2*x**2 + 545*x + 36708. Give r(-121).
45
Let i(a) = -a**3 - 106*a**2 - 208*a - 117. Determine i(-104).
-117
Let m(g) = 5*g**3 - 579*g**2 - 86*g - 4265. Calculate m(116).
-785
Let z(d) = -d**2 - 213*d - 8213. Determine z(-125).
2787
Let m(z) = 149*z + 40064. Determine m(-269).
-17
Let x(f) = 97*f + 427. Determine x(-2).
233
Let p(z) = -354*z - 14065. Calculate p(-40).
95
Let w(z) = 10*z**2 + 410*z - 5070. What is w(-51)?
30
Let k(j) = 99*j + 2817. Determine k(-24).
441
Let s(f) = 1084*f - 190861. What is s(176)?
-77
Let h(n) = 5*n**2 - 1236*n - 4776. What is h(251)?
-7
Let v(y) = y**3 + 354*y**2 - 701*y + 4809. Give v(-356).
893
Let i(o) = -o**3 + 40*o**2 + 1975*o - 8. Give i(0).
-8
Let k(l) = 4*l**2 - 122*l - 899. Give k(-8).
333
Let x(j) = 832*j + 21645. What is x(-26)?
13
Let g(i) = 6034*i - 500810. Give g(83).
12
Let m(n) = 677*n + 2046. Calculate m(-3).
15
Let c(j) = -4822*j - 159124. Give c(-33).
2
Let u(k) = 9*k**3 - 488*k**2 + 3747*k - 536. Calculate u(45).
4
Let h(n) = -6